 What is the remainder when 211 is divided by q(-8)?
26
Let t(s) = -3*s**3 - 68*s**2 + 15*s - 24. Calculate the remainder when t(-23) is divided by 29.
15
Let l(s) = s**2 - 2*s - 2. Let g be l(-3). Let k(p) = p - 8. Let v be k(g). Suppose -2*u = -v*u + 42. What is the remainder when 40 is divided by u?
12
Suppose -16*d + 6 = -218. What is the remainder when 68 is divided by d?
12
Let y(b) = b**3 + 8*b**2 + 11*b - 3. Let h be y(-5). What is the remainder when 1 + h + (-3 - -6) is divided by 12?
9
Let z(r) = 4*r**3 - 2*r**2 + 3*r - 2. Let p be z(1). Suppose p*x + 2*j = 57, 2*j - 108 + 9 = -5*x. What is the remainder when x is divided by 5?
1
Suppose -4*j = 7 - 255. What is the remainder when j is divided by -1 + 5/5 + 21?
20
Suppose u - 13 = 3. Let r(w) = 2*w**3 - 79*w**2 + 38*w + 132. Calculate the remainder when r(39) is divided by u.
13
Let r(u) = -2*u**3 + u**3 - 6*u**2 - 3 - 9*u - 2 - 6. What is the remainder when r(-7) is divided by 26?
23
Let t = 2276 + -2247. Calculate the remainder when t is divided by 17.
12
Let g(f) = f**2 + 91*f + 1984. Suppose 0 = -i + 1 - 6. Let r(p) = -p**3 - 4*p**2 - 4*p. What is the remainder when r(i) is divided by g(-56)?
21
Suppose -432*f = -4*j - 431*f + 91, 2*j - 4*f - 56 = 0. Suppose 2*o - 2*h - 14 = 16, 3*o - 4*h = 46. What is the remainder when j is divided by o?
8
Let a(d) = -15*d - 5. Let y be a(-5). Suppose 12*r = 17*r + y. Let i = 1 - r. Calculate the remainder when 29 is divided by i.
14
Suppose -2*b - 18 = -2*m - 0*m, -3*b = 5*m - 21. Suppose -11*z + 4*p = -6*z - 9, -4*z + 12 = -2*p. Calculate the remainder when m is divided by z.
1
Suppose 2451 = 46*t + 11*t. What is the remainder when 155 is divided by t?
26
Suppose 0 = 2*b - 2, -s - 2*s - 2*b = -143. Let v(q) = 4*q. Let a be v(-12). Let l = -23 - a. Calculate the remainder when s is divided by l.
22
Suppose 8*h = 673 - 193. Suppose 9 + h = -3*o. Let y = o + 39. Calculate the remainder when 60 is divided by y.
12
Suppose -34 = 12*c - 190. Suppose 4*f - 296 = -2*q - 2*q, 5*q + 2*f - 379 = 0. What is the remainder when q is divided by c?
12
Suppose 5*o - 12 = d + 3*o, -d - 5*o + 23 = 0. Suppose 22 = -z + 3*z. Calculate the remainder when z is divided by -7 + 7 + (6 - (d - -2)).
5
Suppose 4*l - 3*a - 119 = 0, 4*a - 6 + 52 = l. Let x = -44 - -92. What is the remainder when x is divided by l?
22
Suppose w + w + 3*a = 149, 4*w + a = 313. Suppose -2*q = -117 - w. Suppose -4*y - 3*r + q = -24, -4*r + 8 = 0. Calculate the remainder when y is divided by 10.
9
Let w = -25 + 23. Calculate the remainder when (11 - 12)/(w/58) is divided by 16.
13
Let s be 42*(-4 + (-290)/(-35)). Suppose 0 = -3*u, 3*h = -h - 4*u + s. Calculate the remainder when h is divided by 23.
22
Let n(y) = 3*y**2 + 4*y**3 - 4*y - 5*y**3 + 6*y**2 - 8. What is the remainder when n(8) is divided by 78/9*3/2?
11
What is the remainder when (-50)/(-250) - 708/(-10) is divided by 47?
24
Let f(d) = -2*d**3 + 5*d**3 + 0*d**3 - 4*d**3 + 15*d - 18 - 16*d**2. What is the remainder when f(-17) is divided by 3?
1
Let t = 117 + -113. Let c(d) = d**3 - 4*d**2 + 4*d - 5. What is the remainder when 48 is divided by c(t)?
4
Let l(b) = b**3 + 5*b**2 - 7*b - 3. Calculate the remainder when (-1 - (-5)/(-25))*(-6 + 1) is divided by l(-6).
0
Suppose 3*o - 19 = -235. Let q = -34 - o. Calculate the remainder when q is divided by (-10)/4*(-7 + 3).
8
Suppose -5*n = s + 11, -2*s + 38 = -n - n. Let c = 179 + s. Calculate the remainder when c is divided by 39.
37
Suppose -3*y + 9*q = 4*q - 32, -36 = -4*y + 5*q. Suppose -207*p + 133*p = -740. Calculate the remainder when p is divided by y.
2
Suppose 0 = -g + 9*g - 136. What is the remainder when 60 is divided by g?
9
Let w(p) = 15*p**2 + p - 3. What is the remainder when 381 is divided by w(-2)?
51
Let d = -65 + 78. Calculate the remainder when 63 is divided by d.
11
Suppose 2*x = -4*s + 3*x + 24, 0 = -5*x. Suppose -s*w + w = -190. What is the remainder when w is divided by (-111)/(-9) - (-10)/15?
12
Calculate the remainder when (-105)/((-3 - -1) + 4 - 3) is divided by 28.
21
What is the remainder when 54 is divided by 190/4 + 4*(-5)/40?
7
Let s = -1183 + 1195. What is the remainder when 52 is divided by s?
4
Let n(w) = -127*w - 11. Calculate the remainder when n(-2) is divided by 5/(4 - -6)*49*2.
47
Let y(w) = 6*w - 9 - w + 12. Let g be y(1). What is the remainder when 14 is divided by 66/g + 14/(-56)?
6
Let k = -281 + 299. What is the remainder when k is divided by 9?
0
Suppose -3*g + c + 66 = 0, -5*g + 86 = -g - 2*c. What is the remainder when 251 is divided by g?
21
Let q = 4 + -6. Calculate the remainder when 944/11 - q/11 is divided by (-1)/((-2)/4) - -27.
28
Let p = 39 - -236. What is the remainder when p is divided by 71?
62
Let k = -3 + 20. Suppose -k*c + 591 = -89. What is the remainder when c is divided by 21?
19
Suppose 6*j + 25 = 1. Let o(t) = -t**2 - 3*t + 9. Let r be o(j). Suppose z = -0*z + r, 0 = 3*i - 4*z - 226. What is the remainder when i is divided by 14?
12
Suppose 4*d - 3*l - 24 = 0, 0*d - 3*l - 3 = 3*d. Let i(j) = 13*j - 3. Let a be i(-9). Calculate the remainder when a/4*(-2)/6 is divided by d.
1
Let n(r) = r**3 + r**2 + 5*r - 7. Let p be n(2). What is the remainder when 18 is divided by (-156)/45*-3 - 6/p?
8
Let x = 1426 - 1382. What is the remainder when x is divided by 9?
8
Suppose 6*c + 3*z - 22 = 2*c, 0 = c - z - 2. Suppose w = -2*b + 23, -c*b - b = -10. Suppose 0 = -7*m + 45 + 4. What is the remainder when w is divided by m?
5
What is the remainder when 3 + 272 - (-2 - -10) is divided by 93?
81
Let f(i) = -18*i**2 - i - 1. Let d be f(3). Calculate the remainder when 43 is divided by 6/(-27) - d/18.
7
Suppose 3*a + 0*a - g - 22 = 0, 2*a = -4*g + 24. Let o(n) = -4*n**2 + 57*n - 23. Calculate the remainder when o(13) is divided by a.
2
Calculate the remainder when 516 - (12 + -7 - -8) is divided by 15.
8
Let o(s) = -2*s**2 + 19*s + 9. What is the remainder when 67 is divided by o(9)?
13
Let u be ((-882)/(-54))/(1/3). Suppose h - 2*r - u = 0, -5*h + 60 + 230 = -r. Let v = -4 - -19. What is the remainder when h is divided by v?
14
Let k be (-4)/8 + (-126)/(-12). Suppose -k*h + 255 + 385 = 0. Calculate the remainder when h is divided by 24.
16
Suppose -1 = 2*l - 7. Calculate the remainder when (-1*5/(-15))/((-5)/(-75)) is divided by l.
2
Let c be -2*(-1)/2 + -4. Let k(i) = 22*i**2 - 10*i - 27. Let u be k(-3). What is the remainder when c - (u/(-3) + -1) is divided by 22?
21
Suppose 0 = -3*h + 5*h - 24. Let v be (0 + -6)*18/(-4). Suppose -198 = -5*x + v. Calculate the remainder when x is divided by h.
9
Let z(s) = -17 - 1 - 11*s + 0. What is the remainder when z(-14) is divided by 46?
44
Let x(i) = -i**3 + 5*i**2 - 13*i + 46. What is the remainder when 206 is divided by x(4)?
6
Let l be 12/8*(-8)/(-3). Let m(j) = -4*j**2 + 1 + 4*j**3 - 3*j**3 + 1. Calculate the remainder when 5 is divided by m(l).
1
Let r(o) = -o**2 - 20*o + 30. Calculate the remainder when 89 is divided by r(-20).
29
Suppose -5*m = -2*f + 12, 2*f + 3*m + 28 = -2*f. Calculate the remainder when -2*(-2)/f - -105 is divided by 21.
20
Let p be ((-148)/(-1))/((-4)/(-2)). Let a = -47 + p. Calculate the remainder when a is divided by 12 + 4 + (0 - 2).
13
Suppose 7*b = 30 - 2. Suppose b*k - 72 = -0*k. Calculate the remainder when 52 is divided by k.
16
Suppose -3*h = h - 16. Suppose -4*p - 42 = -3*l + p, -h*p + 24 = 4*l. Calculate the remainder when 16 is divided by l.
7
Suppose -10 = -2*f - 2. Let y(b) = 36*b - 38. Calculate the remainder when y(f) is divided by 9.
7
Let h(r) = 56*r + 49. What is the remainder when h(7) is divided by 13?
12
Let r be (-1)/3 - (-26)/6. Suppose 5 = -h, -3*i + i + 48 = -r*h. Calculate the remainder when (3 - -9)/3 - -49 is divided by i.
11
Let c = -72 - -144. Let i = -65 + 102. Calculate the remainder when c is divided by i.
35
Suppose s = 5*b - 122, -17*s = -b - 13*s + 32. What is the remainder when 183 is divided by b?
15
Let d = -418 + 433. What is the remainder when 87 is divided by d?
12
Let b = 0 + 3. What is the remainder when 4/((-24)/3) + 165/22 is divided by b?
1
Let i(t) = 3*t**3 + 2*t**3 + 1 - 6*t**3 + 10*t**2 - 9*t + 4. Calculate the remainder when i(9) is divided by (0 + 3)*(13 + -12).
2
Suppose 308 = 4*r + 7*r. What is the remainder whe